{"id":3818,"date":"2022-08-23T17:49:56","date_gmt":"2022-08-23T17:49:56","guid":{"rendered":"https:\/\/www.metalbox.it\/privacy-policy"},"modified":"2022-08-23T17:49:56","modified_gmt":"2022-08-23T17:49:56","slug":"privacy-policy","status":"publish","type":"page","link":"https:\/\/www.metalbox.it\/en\/privacy-policy","title":{"rendered":"Privacy Policy"},"content":{"rendered":"\n<h2 class=\"wp-block-heading\">LA PRIVACY POLICY DI QUESTO SITO<\/h2>\n\n\n\n<p><strong>INFORMATIVA AI SENSI DEGLI ARTT. 13 E 14 DEL REGOLAMENTO EUROPEO GDPR \u2013 UE N. 679\/16<\/strong><br><strong>e anche INFORMATIVA AI SENSI DELL\u2019ART. 13 DEL D.LGS. N. 196\/03<\/strong><\/p>\n\n\n\n<p>In ottemperanza degli artt. 13 e 14 del Regolamento Europeo in Materia di Protezione dei Dati Personali, in acronimo GDPR (rif. UE n. 679\/16) e nel contempo anche<\/p>\n\n\n\n<p>a transizione normativa ai sensi dell\u2019art. 13 al D.Lgs. 30 giugno 2003 n. 196 (Codice Privacy).<\/p>\n\n\n\n<p>Metalbox Spa, in qualit\u00e0 di Autonomo Titolare di Dati Personali, rilascia la presente Informativa relativamente al trattamento dei dati personali acquisiti tramite la consultazione del proprio sito web. L\u2019informativa \u00e8 da considerarsi valida solo per questo sito web e non anche per altri siti web eventualmente consultati dall\u2019utente tramite link. Il Titolare non \u00e8 da considerarsi in alcun modo responsabile di siti web terzi.<\/p>\n\n\n\n<h2 class=\"wp-block-heading\"><strong>TITOLARE DEL TRATTAMENTO<\/strong><\/h2>\n\n\n\n<p>Titolare del trattamento \u00e8 Metalbox Spa Via Nazionale, 4 \u2013 Fraz. Cavalli \u2013 43044 Collecchio (PR)<\/p>\n\n\n\n<h2 class=\"wp-block-heading\"><strong>LUOGO DEL TRATTAMENTO<\/strong><\/h2>\n\n\n\n<p>I trattamenti connessi ai servizi web di questo sito hanno luogo presso la sede del Titolare e sono curati solo dal personale incaricato del trattamento e dal fornitore preposto ai servizi Internet e di hosting\/housing di questo sito. Inoltre tali trattamenti sono curati esclusivamente da personale tecnico dell\u2019Ufficio incaricato al trattamento, oppure da eventuali incaricati per operazioni di manutenzione occasionale sotto lo stretto controllo del Titolare.<\/p>\n\n\n\n<h2 class=\"wp-block-heading\"><strong>TIPOLOGIA DI DATI TRATTATI<\/strong><\/h2>\n\n\n\n<p><strong>Dati di navigazione<br><\/strong>I sistemi informatici e il software preposto al funzionamento di questo sito web acquisiscono, nel corso del loro normale esercizio, alcuni dati personali la cui trasmissione \u00e8 implicita nell\u2019uso dei protocolli di comunicazione Internet. Si tratta di informazioni che non sono raccolte per essere associate a interessati identificati, ma che per loro stessa natura potrebbero, attraverso elaborazioni e associazioni con dati detenuti da terzi, permettere di identificare gli utenti. In questa categoria di dati rientrano gli indirizzi IP o i Nomi a Dominio (DNS) dei computer utilizzati dagli utenti che si connettono al sito web, gli indirizzi in notazione URI (Uniform Resource Identifier) delle risorse richieste, l\u2019orario della richiesta, il metodo utilizzato nel sottoporre la richiesta al server, la dimensione del file ottenuto in risposta, il codice numerico indicante lo stato della risposta data dal server(buon fine, errore, ecc.) e altri parametri relativi al sistema operativo e all\u2019ambiente informatico dell\u2019utente. Questi dati vengono utilizzati al solo fine di ricavare informazioni statistiche anonime sull\u2019uso del sito e per controllarne il corretto funzionamento e vengono cancellati immediatamente dopo l\u2019elaborazione. I dati potrebbero essere utilizzati per l\u2019accertamento di responsabilit\u00e0 in caso di ipotetici reati informatici ai danni del sito web; salva questa eventualit\u00e0, allo stato i dati sui contatti web non persistono per pi\u00f9 di sette giorni.<\/p>\n\n\n\n<p><strong>Cookie<br><\/strong>Si rimanda al paragrafo \u201cInformativa estesa sull\u2019utilizzo dei Cookie (Cookie Policy)\u201d, riportato in questa informativa.<\/p>\n\n\n\n<p><strong>Dati forniti volontariamente dall\u2019utente<br><\/strong>L\u2019invio facoltativo, esplicito e volontario di posta elettronica agli indirizzi indicati su questo sito web, e la presenza di moduli inserimento dati (form web) e\/o dei moduli di iscrizione a newsletter presenti nel sito web, comporta la successiva acquisizione dell\u2019indirizzo del mittente, necessario per rispondere alle richieste, nonch\u00e9 degli eventuali altri dati personali. Specifiche informative di sintesi sono riportate o visualizzate nelle pagine del sito web predisposte per la raccolta dati (form web).<\/p>\n\n\n\n<h2 class=\"wp-block-heading\"><strong>FINALIT\u00c0 DEL TRATTAMENTO<\/strong><\/h2>\n\n\n\n<p>I dati di natura personale volontariamente forniti dall\u2019utente saranno oggetto di trattamento, fino a sua opposizione, per le seguenti finalit\u00e0:<\/p>\n\n\n\n<ul class=\"wp-block-list\">\n<li>navigazione sul presente sito internet;<\/li>\n\n\n\n<li>eventuale richiesta di contatto, con invio delle informazioni richieste;<\/li>\n\n\n\n<li>fornitura dei prodotti e servizi ordinati e adempimento degli obblighi contrattuali;<\/li>\n\n\n\n<li>assolvimento degli obblighi previsti da leggi e regolamenti;<\/li>\n\n\n\n<li>tenuta della contabilit\u00e0, fatturazione, gestione del credito e attivit\u00e0 amministrativo contabili in genere. Ai fini dell\u2019applicazione delle disposizioni in materia di protezione dei dati personali, i trattamenti effettuati per finalit\u00e0 amministrativo contabili sono quelli connessi allo svolgimento delle attivit\u00e0 di natura organizzativa, amministrativa, finanziaria e contabile, a prescindere dalla natura dei dati trattati. In particolare, perseguono tali finalit\u00e0 le attivit\u00e0 organizzative interne, quelle funzionali all\u2019adempimento di obblighi contrattuali e precontrattuali, l\u2019attivit\u00e0 informativa;<\/li>\n\n\n\n<li>invio di newsletter e comunicazioni periodiche via e-mail, quando l\u2019utente ne ha fatto specifica richiesta attraverso l\u2019apposito modulo online (form web);<\/li>\n\n\n\n<li>tutte le attivit\u00e0 aziendali in genere attinenti al rapporto in essere.<\/li>\n<\/ul>\n\n\n\n<h2 class=\"wp-block-heading\"><strong>MODALIT\u00c0 DEL TRATTAMENTO<\/strong><\/h2>\n\n\n\n<p>I dati personali sono trattati con strumenti automatizzati per il tempo strettamente necessario a conseguire gli scopi per cui sono stati raccolti. Specifiche misure di sicurezza sono osservate per prevenire la perdita dei dati, usi illeciti o non corretti e accessi non autorizzati.<\/p>\n\n\n\n<h2 class=\"wp-block-heading\"><strong>AMBITO DI COMUNICAZIONE E DIFFUSIONE<\/strong><\/h2>\n\n\n\n<p>I dati oggetto del trattamento non saranno diffusi, venduti o scambiati con soggetti terzi senza il consenso espresso dall\u2019interessato. L\u2019ambito di comunicazione dei dati \u00e8 limitato esclusivamente ai soggetti competenti per l\u2019adempimento delle operazioni contrattuali e l\u2019osservanza di obblighi di legge. Essi pertanto potranno essere comunicati a terzi appartenenti alle seguenti categorie:<\/p>\n\n\n\n<ul class=\"wp-block-list\">\n<li>soggetti che forniscono servizi per la gestione del sistema informativo;<\/li>\n\n\n\n<li>studi o societ\u00e0 nell\u2019ambito di rapporti di assistenza e consulenza;<\/li>\n\n\n\n<li>Amministrazioni, Enti pubblici e Autorit\u00e0 competenti, per adempimenti di obblighi di leggi e\/o di disposizioni di organi pubblici;<\/li>\n\n\n\n<li>societ\u00e0 del Gruppo e\/o della rete di imprese o soggetti privati direttamente coinvolti nell\u2019adempimento della prestazione o legittimati a conoscere i dati in base alla legge.<\/li>\n\n\n\n<li>In ogni caso, ai soggetti citati saranno comunicati solo i dati necessari e pertinenti rispetto alle finalit\u00e0 del trattamento cui sono preposti.<\/li>\n<\/ul>\n\n\n\n<h2 class=\"wp-block-heading\"><strong>FACOLTATIVIT\u00c0 DEL CONFERIMENTO<\/strong><\/h2>\n\n\n\n<p>A parte quanto specificato per i dati di navigazione, l\u2019utente \u00e8 libero di fornire i dati personali riportati nei moduli presenti sul sito web (form web) o per sollecitare l\u2019invio di newsletter, materiale informativo, offerte commerciali o altre comunicazioni. Il loro mancato conferimento pu\u00f2 comportare l\u2019impossibilit\u00e0 di ottenere quanto richiesto.<\/p>\n\n\n\n<h2 class=\"wp-block-heading\"><strong>TRASFERIMENTO DEI DATI IN PAESI EXTRA-UE<\/strong><\/h2>\n\n\n\n<p>Non \u00e8 previsto alcun trasferimento dei dati personali raccolti in paesi Extra-Ue.<\/p>\n\n\n\n<h2 class=\"wp-block-heading\"><strong>PERIODO DI CONSERVAZIONE DEI DATI RACCOLTI<\/strong><\/h2>\n\n\n\n<p>I dati personali raccolti per le finalit\u00e0 sopra esposte saranno conservati presso la nostra societ\u00e0 per il tempo necessario previsto per le attivit\u00e0 afferenti (o definite nelle pagine web di raccolta dati \u2013 form web);dopodich\u00e9 saranno distrutti (diritto all\u2019oblio) o, se necessario, resi in forma anonima (pseudonimizzazione) per finalit\u00e0 statistiche o di storicizzazione. Per i dati personali raccolti per finalit\u00e0 amministrative e contabili, il periodo di tenuta dei dati rispetta gli obblighi di legge relativi, al termine dei quali, i dati saranno distrutti (diritto all\u2019oblio) o, se necessario, resi in forma anonima (pseudonimizzazione) per finalit\u00e0 statistiche o di storicizzazione.<\/p>\n\n\n\n<h2 class=\"wp-block-heading\"><strong>REVOCA DEL CONSENSO<\/strong><\/h2>\n\n\n\n<p>I consensi espressi nelle varie form web di raccolta dei dati personali possono sempre essere revocati ai sensi dell\u2019art. 7 p.3 e ai sensi dell\u2019art. 17 p.1 lett. b). La revoca potr\u00e0 avvenire scrivendo alla nostra Titolarit\u00e0, tramite i riferimenti riportati al paragrafo successivo.<\/p>\n\n\n\n<h2 class=\"wp-block-heading\"><strong>DIRITTI DEGLI INTERESSATI<\/strong><\/h2>\n\n\n\n<p>In relazione ai predetti trattamenti potranno essere esercitati i diritti di cui agli artt. 15, 16, 17, 18 e 19 del GDPR UE n. 679\/16 (diritti di accesso, rettifica, cancellazione, limitazione del trattamento e notifica in casi di Rettifica\/Cancellazione\/Limitazione da parte del Titolare del trattamento).<\/p>\n\n\n\n<p>In relazione ai predetti trattamenti potranno essere esercitati i diritti di cui all\u2019articolo 7 D.Lgs. 196\/2003, nei limiti ed alle condizioni previste dagli artt. 8, 9 e 10 del citato decreto legislativo. I diritti di cui sopra possono esser fatti valere scrivendo all\u2019indirizzo e-mail info@metalbox.it o diretta- mente al Titolare o al Responsabile del Trattamento al seguente indirizzo: Metalbox Spa Via Nazionale, 4 \u2013 Fraz. Cavalli \u2013 43044 Collecchio (PR).<\/p>\n\n\n\n<h2 class=\"wp-block-heading\"><strong>MODIFICHE<\/strong><\/h2>\n\n\n\n<p>Il Titolare si riserva il diritto di modificare, aggiornare, aggiungere o rimuovere parti della presente informativa a propria discrezione e in qualsiasi momento. Le persone interessate sono tenute a verificare periodicamente le eventuali modifiche. Al fine di facilitare tale verifica, l\u2019informativa contiene l\u2019indicazione della data di aggiornamento.<\/p>\n\n\n\n<p>L\u2019utilizzo del sito dopo la pubblicazione delle modifiche costituir\u00e0 accettazione delle stesse.<\/p>\n","protected":false},"excerpt":{"rendered":"<p>LA PRIVACY POLICY DI QUESTO SITO INFORMATIVA AI SENSI DEGLI ARTT. 13 E 14 DEL REGOLAMENTO EUROPEO GDPR \u2013 UE N. 679\/16e anche INFORMATIVA AI SENSI DELL\u2019ART. 13 DEL D.LGS. N. 196\/03 In ottemperanza degli artt. 13 e 14 del Regolamento Europeo in Materia di Protezione dei Dati Personali, in acronimo GDPR (rif. UE n. [&hellip;]<\/p>\n","protected":false},"author":1,"featured_media":0,"parent":0,"menu_order":0,"comment_status":"closed","ping_status":"open","template":"","meta":{"_acf_changed":false,"footnotes":""},"class_list":["post-3818","page","type-page","status-publish","hentry"],"acf":[],"_links":{"self":[{"href":"https:\/\/www.metalbox.it\/en\/wp-json\/wp\/v2\/pages\/3818","targetHints":{"allow":["GET"]}}],"collection":[{"href":"https:\/\/www.metalbox.it\/en\/wp-json\/wp\/v2\/pages"}],"about":[{"href":"https:\/\/www.metalbox.it\/en\/wp-json\/wp\/v2\/types\/page"}],"author":[{"embeddable":true,"href":"https:\/\/www.metalbox.it\/en\/wp-json\/wp\/v2\/users\/1"}],"replies":[{"embeddable":true,"href":"https:\/\/www.metalbox.it\/en\/wp-json\/wp\/v2\/comments?post=3818"}],"version-history":[{"count":0,"href":"https:\/\/www.metalbox.it\/en\/wp-json\/wp\/v2\/pages\/3818\/revisions"}],"wp:attachment":[{"href":"https:\/\/www.metalbox.it\/en\/wp-json\/wp\/v2\/media?parent=3818"}],"curies":[{"name":"wp","href":"https:\/\/api.w.org\/{rel}","templated":true}]}}

<h2 class="wp-block-heading">LA PRIVACY POLICY DI QUESTO SITO</h2>



<p><strong>INFORMATIVA AI SENSI DEGLI ARTT. 13 E 14 DEL REGOLAMENTO EUROPEO GDPR – UE N. 679/16</strong><br><strong>e anche INFORMATIVA AI SENSI DELL’ART. 13 DEL D.LGS. N. 196/03</strong></p>



<p>In ottemperanza degli artt. 13 e 14 del Regolamento Europeo in Materia di Protezione dei Dati Personali, in acronimo GDPR (rif. UE n. 679/16) e nel contempo anche</p>



<p>a transizione normativa ai sensi dell’art. 13 al D.Lgs. 30 giugno 2003 n. 196 (Codice Privacy).</p>



<p>Metalbox Spa, in qualità di Autonomo Titolare di Dati Personali, rilascia la presente Informativa relativamente al trattamento dei dati personali acquisiti tramite la consultazione del proprio sito web. L’informativa è da considerarsi valida solo per questo sito web e non anche per altri siti web eventualmente consultati dall’utente tramite link. Il Titolare non è da considerarsi in alcun modo responsabile di siti web terzi.</p>



<h2 class="wp-block-heading"><strong>TITOLARE DEL TRATTAMENTO</strong></h2>



<p>Titolare del trattamento è Metalbox Spa Via Nazionale, 4 – Fraz. Cavalli – 43044 Collecchio (PR)</p>



<h2 class="wp-block-heading"><strong>LUOGO DEL TRATTAMENTO</strong></h2>



<p>I trattamenti connessi ai servizi web di questo sito hanno luogo presso la sede del Titolare e sono curati solo dal personale incaricato del trattamento e dal fornitore preposto ai servizi Internet e di hosting/housing di questo sito. Inoltre tali trattamenti sono curati esclusivamente da personale tecnico dell’Ufficio incaricato al trattamento, oppure da eventuali incaricati per operazioni di manutenzione occasionale sotto lo stretto controllo del Titolare.</p>



<h2 class="wp-block-heading"><strong>TIPOLOGIA DI DATI TRATTATI</strong></h2>



<p><strong>Dati di navigazione<br></strong>I sistemi informatici e il software preposto al funzionamento di questo sito web acquisiscono, nel corso del loro normale esercizio, alcuni dati personali la cui trasmissione è implicita nell’uso dei protocolli di comunicazione Internet. Si tratta di informazioni che non sono raccolte per essere associate a interessati identificati, ma che per loro stessa natura potrebbero, attraverso elaborazioni e associazioni con dati detenuti da terzi, permettere di identificare gli utenti. In questa categoria di dati rientrano gli indirizzi IP o i Nomi a Dominio (DNS) dei computer utilizzati dagli utenti che si connettono al sito web, gli indirizzi in notazione URI (Uniform Resource Identifier) delle risorse richieste, l’orario della richiesta, il metodo utilizzato nel sottoporre la richiesta al server, la dimensione del file ottenuto in risposta, il codice numerico indicante lo stato della risposta data dal server(buon fine, errore, ecc.) e altri parametri relativi al sistema operativo e all’ambiente informatico dell’utente. Questi dati vengono utilizzati al solo fine di ricavare informazioni statistiche anonime sull’uso del sito e per controllarne il corretto funzionamento e vengono cancellati immediatamente dopo l’elaborazione. I dati potrebbero essere utilizzati per l’accertamento di responsabilità in caso di ipotetici reati informatici ai danni del sito web; salva questa eventualità, allo stato i dati sui contatti web non persistono per più di sette giorni.</p>



<p><strong>Cookie<br></strong>Si rimanda al paragrafo “Informativa estesa sull’utilizzo dei Cookie (Cookie Policy)”, riportato in questa informativa.</p>



<p><strong>Dati forniti volontariamente dall’utente<br></strong>L’invio facoltativo, esplicito e volontario di posta elettronica agli indirizzi indicati su questo sito web, e la presenza di moduli inserimento dati (form web) e/o dei moduli di iscrizione a newsletter presenti nel sito web, comporta la successiva acquisizione dell’indirizzo del mittente, necessario per rispondere alle richieste, nonché degli eventuali altri dati personali. Specifiche informative di sintesi sono riportate o visualizzate nelle pagine del sito web predisposte per la raccolta dati (form web).</p>



<h2 class="wp-block-heading"><strong>FINALITÀ DEL TRATTAMENTO</strong></h2>



<p>I dati di natura personale volontariamente forniti dall’utente saranno oggetto di trattamento, fino a sua opposizione, per le seguenti finalità:</p>



<ul class="wp-block-list">
<li>navigazione sul presente sito internet;</li>



<li>eventuale richiesta di contatto, con invio delle informazioni richieste;</li>



<li>fornitura dei prodotti e servizi ordinati e adempimento degli obblighi contrattuali;</li>



<li>assolvimento degli obblighi previsti da leggi e regolamenti;</li>



<li>tenuta della contabilità, fatturazione, gestione del credito e attività amministrativo contabili in genere. Ai fini dell’applicazione delle disposizioni in materia di protezione dei dati personali, i trattamenti effettuati per finalità amministrativo contabili sono quelli connessi allo svolgimento delle attività di natura organizzativa, amministrativa, finanziaria e contabile, a prescindere dalla natura dei dati trattati. In particolare, perseguono tali finalità le attività organizzative interne, quelle funzionali all’adempimento di obblighi contrattuali e precontrattuali, l’attività informativa;</li>



<li>invio di newsletter e comunicazioni periodiche via e-mail, quando l’utente ne ha fatto specifica richiesta attraverso l’apposito modulo online (form web);</li>



<li>tutte le attività aziendali in genere attinenti al rapporto in essere.</li>
</ul>



<h2 class="wp-block-heading"><strong>MODALITÀ DEL TRATTAMENTO</strong></h2>



<p>I dati personali sono trattati con strumenti automatizzati per il tempo strettamente necessario a conseguire gli scopi per cui sono stati raccolti. Specifiche misure di sicurezza sono osservate per prevenire la perdita dei dati, usi illeciti o non corretti e accessi non autorizzati.</p>



<h2 class="wp-block-heading"><strong>AMBITO DI COMUNICAZIONE E DIFFUSIONE</strong></h2>



<p>I dati oggetto del trattamento non saranno diffusi, venduti o scambiati con soggetti terzi senza il consenso espresso dall’interessato. L’ambito di comunicazione dei dati è limitato esclusivamente ai soggetti competenti per l’adempimento delle operazioni contrattuali e l’osservanza di obblighi di legge. Essi pertanto potranno essere comunicati a terzi appartenenti alle seguenti categorie:</p>



<ul class="wp-block-list">
<li>soggetti che forniscono servizi per la gestione del sistema informativo;</li>



<li>studi o società nell’ambito di rapporti di assistenza e consulenza;</li>



<li>Amministrazioni, Enti pubblici e Autorità competenti, per adempimenti di obblighi di leggi e/o di disposizioni di organi pubblici;</li>



<li>società del Gruppo e/o della rete di imprese o soggetti privati direttamente coinvolti nell’adempimento della prestazione o legittimati a conoscere i dati in base alla legge.</li>



<li>In ogni caso, ai soggetti citati saranno comunicati solo i dati necessari e pertinenti rispetto alle finalità del trattamento cui sono preposti.</li>
</ul>



<h2 class="wp-block-heading"><strong>FACOLTATIVITÀ DEL CONFERIMENTO</strong></h2>



<p>A parte quanto specificato per i dati di navigazione, l’utente è libero di fornire i dati personali riportati nei moduli presenti sul sito web (form web) o per sollecitare l’invio di newsletter, materiale informativo, offerte commerciali o altre comunicazioni. Il loro mancato conferimento può comportare l’impossibilità di ottenere quanto richiesto.</p>



<h2 class="wp-block-heading"><strong>TRASFERIMENTO DEI DATI IN PAESI EXTRA-UE</strong></h2>



<p>Non è previsto alcun trasferimento dei dati personali raccolti in paesi Extra-Ue.</p>



<h2 class="wp-block-heading"><strong>PERIODO DI CONSERVAZIONE DEI DATI RACCOLTI</strong></h2>



<p>I dati personali raccolti per le finalità sopra esposte saranno conservati presso la nostra società per il tempo necessario previsto per le attività afferenti (o definite nelle pagine web di raccolta dati – form web);dopodiché saranno distrutti (diritto all’oblio) o, se necessario, resi in forma anonima (pseudonimizzazione) per finalità statistiche o di storicizzazione. Per i dati personali raccolti per finalità amministrative e contabili, il periodo di tenuta dei dati rispetta gli obblighi di legge relativi, al termine dei quali, i dati saranno distrutti (diritto all’oblio) o, se necessario, resi in forma anonima (pseudonimizzazione) per finalità statistiche o di storicizzazione.</p>



<h2 class="wp-block-heading"><strong>REVOCA DEL CONSENSO</strong></h2>



<p>I consensi espressi nelle varie form web di raccolta dei dati personali possono sempre essere revocati ai sensi dell’art. 7 p.3 e ai sensi dell’art. 17 p.1 lett. b). La revoca potrà avvenire scrivendo alla nostra Titolarità, tramite i riferimenti riportati al paragrafo successivo.</p>



<h2 class="wp-block-heading"><strong>DIRITTI DEGLI INTERESSATI</strong></h2>



<p>In relazione ai predetti trattamenti potranno essere esercitati i diritti di cui agli artt. 15, 16, 17, 18 e 19 del GDPR UE n. 679/16 (diritti di accesso, rettifica, cancellazione, limitazione del trattamento e notifica in casi di Rettifica/Cancellazione/Limitazione da parte del Titolare del trattamento).</p>



<p>In relazione ai predetti trattamenti potranno essere esercitati i diritti di cui all’articolo 7 D.Lgs. 196/2003, nei limiti ed alle condizioni previste dagli artt. 8, 9 e 10 del citato decreto legislativo. I diritti di cui sopra possono esser fatti valere scrivendo all’indirizzo e-mail info@metalbox.it o diretta- mente al Titolare o al Responsabile del Trattamento al seguente indirizzo: Metalbox Spa Via Nazionale, 4 – Fraz. Cavalli – 43044 Collecchio (PR).</p>



<h2 class="wp-block-heading"><strong>MODIFICHE</strong></h2>



<p>Il Titolare si riserva il diritto di modificare, aggiornare, aggiungere o rimuovere parti della presente informativa a propria discrezione e in qualsiasi momento. Le persone interessate sono tenute a verificare periodicamente le eventuali modifiche. Al fine di facilitare tale verifica, l’informativa contiene l’indicazione della data di aggiornamento.</p>



<p>L’utilizzo del sito dopo la pubblicazione delle modifiche costituirà accettazione delle stesse.</p>
